t is the hundreds digit of s?
2
Suppose 35*a - 102 = a. Suppose 2*r - a*n + 365 = 2432, 4079 = 4*r + 5*n. What is the hundreds digit of r?
0
Suppose h = -0*h + 4, 0 = -4*u + 3*h + 14900. Suppose -u + 713 = -9*w. What is the hundreds digit of w?
3
Suppose -267*j + 266*j = -498. Suppose j + 440 = 2*a - 2*u, 0 = 5*a + 4*u - 2363. What is the tens digit of a?
7
Let d(h) = -3*h**3 + 5*h**2 - 16*h - 28. Suppose -19*r - 25 = -14*r. What is the tens digit of d(r)?
5
Let q = 21464 + -12663. What is the thousands digit of q?
8
What is the units digit of (-14)/4*(43590/(-70) + -11)?
8
Suppose -22*b = -19*b + 5*p + 31, 2*p = 2*b + 26. What is the tens digit of (3*(-8)/12)/(b/2190)?
6
Suppose 0 = -142*d + 27*d + 80986 + 612234. What is the units digit of d?
8
Suppose -53*t = -48*t - 3255. Let y = -269 + t. What is the tens digit of y?
8
Suppose 5*v + 4*m = 98119, -2*v - 3*v + 98117 = 2*m. What is the ten thousands digit of v?
1
What is the thousands digit of 40/(-340) + 4729242/102?
6
Let j = 1180 + -132. Let o = -359 + j. What is the units digit of o?
9
Let h = 61 + 29. Suppose 6*w = 2*w. What is the units digit of (h/(-7))/(9/(-42)) + w?
0
Let k = -842 - -839. What is the hundreds digit of (-8)/k*(-9699)/(-244)?
1
Let f be (-10)/(((-24)/(-138))/2). What is the tens digit of (-4)/(5/f*4)*3?
6
Suppose -3*m - 1036 = -z, 0 = 4*z + 2*m + 327 - 4443. Let y = z + -713. What is the tens digit of y?
1
Let c(k) = -k**3 + 3*k**2 - 4*k + 15. Let l be c(3). Suppose 3*i - j = l*j + 428, -4*i + 2*j = -584. What is the tens digit of i?
4
Let y(d) = -24*d - 71. Let u be y(0). Let j = -103 + -37. Let w = u - j. What is the units digit of w?
9
Let n(u) = 4309*u + 2539. What is the ten thousands digit of n(10)?
4
Suppose -c - 22*g = -21*g - 37652, c + 5*g = 37660. What is the units digit of c?
0
Let b(l) = -l**3 + 60*l**2 - 181*l + 100. What is the tens digit of b(56)?
0
Suppose -12*s + 28132 = -2540. What is the hundreds digit of s?
5
Let p(g) be the first derivative of 2*g**3/3 + 4*g**2 + 18*g + 33. Let u be p(-6). Let w = 196 - u. What is the hundreds digit of w?
1
Suppose 0 = 3*y + 5*d - 47422, -112*y - 31593 = -114*y + d. What is the units digit of y?
9
Suppose 0 = 189*n - 58*n - 1021145. What is the thousands digit of n?
7
Suppose 5*b + 41 = 2*s, s - b - 13 = -0*s. What is the hundreds digit of (-1)/s*4*-286?
1
Suppose a = -4*o - 2*a + 24506, -18385 = -3*o - 5*a. What is the hundreds digit of o?
1
Let y = 280 + 7307. What is the hundreds digit of y?
5
Let g(j) = 67*j - 32. Let a be g(8). Suppose 0 = -2*n + a + 626. What is the units digit of n?
5
What is the hundreds digit of ((-2 - (-1135)/(-2))*-14)/((-7)/(-21))?
9
Suppose -3*s - 4 + 19 = 0. Let w = -174 + 177. Suppose -8*t = 3*c - s*t - 309, 2*t = -w*c + 311. What is the tens digit of c?
0
What is the tens digit of 1129*(-9 + 25 + -14)?
5
Let h be 0/((-3)/(-6)*-1*2). Suppose h = -11*z + 9*z - 34. Let r = z - -21. What is the units digit of r?
4
Suppose 4*d - 110 = 46. Let s(a) = -103*a + 11. Let v be s(2). Let t = d - v. What is the units digit of t?
4
Suppose -2 = -29*j - 2. Suppose j = 21*i - 4999 - 125. What is the units digit of i?
4
Let w(h) = h**3 - 7*h**2 + 5*h + 1. Let x be w(7). Let k be (-2)/8*-4 - -11. Let j = x - k. What is the tens digit of j?
2
Let c(t) = t**2 + 12*t + 11. Let z be c(-13). Let a = z + 92. Suppose a = 2*j + 2*m, 5*j - 5*m = 419 - 139. What is the units digit of j?
7
Suppose -234*s = -458*s + 238*s - 86954. What is the hundreds digit of s?
2
Suppose 0 = -32*h + 23*h + 18. Suppose -h*a = -5*u - 205, -511 - 59 = -5*a + u. What is the units digit of a?
5
Let x be ((-8)/(-16))/(1/(-2)). Let n be x + 3/(-6) - 711/(-6). Let b = n - -125. What is the tens digit of b?
4
Let k(x) = x**2 + 12*x - 13. Suppose -13*h + h - 156 = 0. Let q be k(h). Suppose -10 = 2*y, -4*g + q*g - 2*y = -402. What is the units digit of g?
3
What is the thousands digit of (-3)/(6/12560)*((-585)/(-26) + -24)?
9
Suppose -4534821 = -316*d - 128*d + 1516455. What is the thousands digit of d?
3
Let r be (-2406)/(-21) + 28/(-49). Let n = 436 - r. What is the units digit of n/5 - (-33)/55?
5
Let m = -8 + 10. Suppose -m*z + 94 = -3*z. What is the tens digit of (-1 - z) + (1 - 3) + 2?
9
Suppose 0 = 2*u - 18 + 10. Suppose -n + u*n + 421 = -4*q, 4*n = -4*q - 424. What is the tens digit of 4*(-4)/(-56) + q/(-7)?
1
Suppose -2*c + a = -23352, -5*c = -6*c - a + 11670. What is the ten thousands digit of c?
1
Let c(n) = 2*n**3 - 2*n**2 + 5*n - 3*n**2 - n**3. Let y be c(4). Suppose y*m = -4*m + 40. What is the units digit of m?
5
Suppose 0 = -4*c + 8 + 8. Suppose -c*n - 109 = 247. Let y = -18 - n. What is the units digit of y?
1
Let y(q) = 8*q**2 - 5*q - 2. Let x be y(4). Let a = -86 + x. What is the units digit of (692/a)/((-6)/(-30))?
3
Let j(a) = a**3 - 5*a**2 + 2*a - 10. Suppose -c + u + 4 = 0, 0 = -0*c - 3*c - 3*u + 18. Let f be j(c). What is the units digit of 0 + f - (-2)/(4/18)?
9
Suppose -838 = i + 2*y, 5*i + 5*y + 4172 = y. Let p = -501 - i. What is the hundreds digit of p?
3
Suppose -646 = -3*q - k + 310, q + 3*k - 324 = 0. Let a = 153 + q. What is the tens digit of a?
7
Let m be (-8)/28 + 16220/28. Let l = m + -372. What is the tens digit of l?
0
Let n(t) = 3*t + 57. Let h be n(-19). Suppose h = -14*o - 13843 + 36901. What is the units digit of o?
7
Let u = 24 + -28. Let f(b) = b**3 + 5*b**2 + 3*b - 4. Let s be f(u). What is the tens digit of 78 - s/(-6 - -1)?
7
Suppose -5*c - 2*s + 36 = 0, -6*c + c + 2*s = -44. Suppose -c*j + 2714 = -4*j - i, -i = j - 676. What is the tens digit of j?
7
Let s(u) = -4441*u + 2780. What is the tens digit of s(-9)?
4
Suppose 8*k - 3*k = 1305 + 36880. What is the thousands digit of k?
7
Let a = 362 + 954. Suppose -a = -3*i - 4*i. Suppose 5*p - 880 = -b - 4*b, -5*p = -b + i. What is the tens digit of b?
7
Suppose 3*s + 19 = 7, -4*w = -4*s + 20. What is the hundreds digit of (w/6 - -2)*(-1 - -1341)?
6
Let a(b) = -3*b - 51. Let z be a(-17). Suppose -5*c + 3*h + 345 = 0, h = 2*c - z*c - 138. Suppose -117 = -3*d + c. What is the tens digit of d?
6
Let l(g) = g**3 - 4*g**2 - g + 8. Let s be l(4). Suppose 4*y + s*y - 1944 = 0. Suppose h = -11*t + 7*t + y, -h + 2*t + 225 = 0. What is the hundreds digit of h?
2
Suppose -2*k = 3*k - 35. Suppose 42 + k = 7*x. What is the units digit of x?
7
Let f = -152 + 418. Suppose 15*x - 6296 = -f. What is the units digit of x?
2
Let l(d) = 35*d**3 + 10*d**2 - 6*d + 5. Let h be (-102)/85*(-10)/4. What is the hundreds digit of l(h)?
0
What is the ten thousands digit of 4/30 + (-48817106)/(-2505)?
1
Let l be (-6)/(-4)*(-650)/(-39). What is the tens digit of 55/l + -2 - 149/(-5)?
3
What is the units digit of -14 + 8 - -8 - (6 - 9219)?
5
Let b(c) = -c**3 + 2*c**2 + c + 217. Let x be b(0). Suppose -5*q - x = -1027. Suppose -3*l - q = -2*n, -2*n - 2*l + 101 + 51 = 0. What is the units digit of n?
8
Let t(w) = 187*w**2 - 102*w - 13. What is the hundreds digit of t(-4)?
3
Let d(x) = -4*x**3 + 10*x + 8. Let u be d(-4). Suppose -33*p = -32*p - u. What is the tens digit of p?
2
Let l be -429*(-4)/4 - (2 - 5). Suppose 0 = -2*j - 4*t + l, 3*j - 6*j = -4*t - 638. What is the hundreds digit of j?
2
Let k(t) = -200*t + 336. Let b be k(-47). Suppose -12*l + b + 3776 = 0. What is the thousands digit of l?
1
Let x = -7 + 101. Suppose -x = -2*t + 2*z + 3*z, -3*t = 2*z - 179. What is the tens digit of (10/(-10))/((-1)/t)?
5
Let k = 7069 + -1738. What is the thousands digit of k?
5
Suppose 4*g = 2*m - 29712, 0 = 3*m + 4*g - 7*g - 44559. What is the tens digit of m?
5
Suppose -9*p + 30 = -3*p. Suppose 2*z - 11 + 3 = -3*d, -p*z = 3*d - 20. Suppose d = f + 1, 3*h + 3*f = 8*f + 11. What is the units digit of h?
2
Suppose 0 = 20*m - 26*m + 378. What is the units digit of (-30)/((-203)/m - -3)?
5
Let b(k) be the third derivative of 1217*k**4/24 + 7*k**3/3 + 2*k**2 - 21*k. What is the thousands digit of b(1)?
1
Suppose 0 = -3*c + 5*d + 120, 0 = -6*c + 2*c - 5*d + 160. What is the tens digit of (-5724)/(-15) + 16/c?
8
Let y(t) = -45*t + 3 - 29*t - 4. Suppose 27*h + 120 = 93. What is the tens digit of y(h)?
7
Let x(n) = 324*n - 63. Let y be x(7). Suppose y - 23837 = -26*z. What is the units digit of z?
2
Let d(a) = 5*a**2 - 2*a + 2. Let l be d(1). Suppose -h = 4*h + 2*o - 20, 0 = h - l*o + 23. 